{"version":"1.0","provider_name":"Jean-Louis Laville","provider_url":"http:\/\/www.jeanlouislaville.fr","author_name":"cecile","author_url":"http:\/\/www.jeanlouislaville.fr\/index.php\/author\/cecile\/","title":"L\u2019innovation sociale - Jean-Louis Laville","type":"rich","width":600,"height":338,"html":"<blockquote class=\"wp-embedded-content\" data-secret=\"5toFiEmpLk\"><a href=\"http:\/\/www.jeanlouislaville.fr\/index.php\/2019\/09\/22\/linnovation-sociale\/\">L\u2019innovation sociale<\/a><\/blockquote><iframe sandbox=\"allow-scripts\" security=\"restricted\" src=\"http:\/\/www.jeanlouislaville.fr\/index.php\/2019\/09\/22\/linnovation-sociale\/embed\/#?secret=5toFiEmpLk\" width=\"600\" height=\"338\" title=\"\u00ab\u00a0L\u2019innovation sociale\u00a0\u00bb &#8212; Jean-Louis Laville\" data-secret=\"5toFiEmpLk\" frameborder=\"0\" marginwidth=\"0\" marginheight=\"0\" scrolling=\"no\" class=\"wp-embedded-content\"><\/iframe><script type=\"text\/javascript\">\n\/* <![CDATA[ *\/\n\/*! This file is auto-generated *\/\n!function(d,l){\"use strict\";l.querySelector&&d.addEventListener&&\"undefined\"!=typeof URL&&(d.wp=d.wp||{},d.wp.receiveEmbedMessage||(d.wp.receiveEmbedMessage=function(e){var t=e.data;if((t||t.secret||t.message||t.value)&&!\/[^a-zA-Z0-9]\/.test(t.secret)){for(var s,r,n,a=l.querySelectorAll('iframe[data-secret=\"'+t.secret+'\"]'),o=l.querySelectorAll('blockquote[data-secret=\"'+t.secret+'\"]'),c=new RegExp(\"^https?:$\",\"i\"),i=0;i<o.length;i++)o[i].style.display=\"none\";for(i=0;i<a.length;i++)s=a[i],e.source===s.contentWindow&&(s.removeAttribute(\"style\"),\"height\"===t.message?(1e3<(r=parseInt(t.value,10))?r=1e3:~~r<200&&(r=200),s.height=r):\"link\"===t.message&&(r=new URL(s.getAttribute(\"src\")),n=new URL(t.value),c.test(n.protocol))&&n.host===r.host&&l.activeElement===s&&(d.top.location.href=t.value))}},d.addEventListener(\"message\",d.wp.receiveEmbedMessage,!1),l.addEventListener(\"DOMContentLoaded\",function(){for(var e,t,s=l.querySelectorAll(\"iframe.wp-embedded-content\"),r=0;r<s.length;r++)(t=(e=s[r]).getAttribute(\"data-secret\"))||(t=Math.random().toString(36).substring(2,12),e.src+=\"#?secret=\"+t,e.setAttribute(\"data-secret\",t)),e.contentWindow.postMessage({message:\"ready\",secret:t},\"*\")},!1)))}(window,document);\n\/* ]]> *\/\n<\/script>\n","thumbnail_url":"http:\/\/www.jeanlouislaville.fr\/wp-content\/uploads\/2019\/09\/Linnovation-sociale-188x300.jpg","thumbnail_width":188,"thumbnail_height":300,"description":"Sous la direction de Juan-Luis Klein, Jean-Louis Laville et Frank MoulaertToulouse, \u00c9ditions \u00e9r\u00e8s, 2014 Des politiques en faveur de l\u2019innovation sociale se mettent en place \u00e0 diff\u00e9rents niveaux (local, r\u00e9gional, national, europ\u00e9en). Pour autant et malgr\u00e9 l\u2019augmentation exponentielle des r\u00e9f\u00e9rences dans la litt\u00e9rature internationale, peut-on s\u2019accorder sur une vision de l\u2019innovation sociale ?"}

Sous la direction de Juan-Luis Klein, Jean-Louis Laville et Frank MoulaertToulouse, Éditions érès, 2014 Des politiques en faveur de l’innovation sociale se mettent en place à différents niveaux (local, régional, national, européen). Pour autant et malgré l’augmentation exponentielle des références dans la littérature internationale, peut-on s’accorder sur une vision de l’innovation sociale ?
