{"version":"1.0","provider_name":"Jean-Louis Laville","provider_url":"http:\/\/www.jeanlouislaville.fr","author_name":"cecile","author_url":"http:\/\/www.jeanlouislaville.fr\/index.php\/author\/cecile\/","title":"Le travail \u2013 une nouvelle question politique - Jean-Louis Laville","type":"rich","width":600,"height":338,"html":"<blockquote class=\"wp-embedded-content\" data-secret=\"NaFlTmZRNk\"><a href=\"http:\/\/www.jeanlouislaville.fr\/index.php\/2019\/09\/22\/le-travail-une-nouvelle-question-politique\/\">Le travail \u2013 une nouvelle question politique<\/a><\/blockquote><iframe sandbox=\"allow-scripts\" security=\"restricted\" src=\"http:\/\/www.jeanlouislaville.fr\/index.php\/2019\/09\/22\/le-travail-une-nouvelle-question-politique\/embed\/#?secret=NaFlTmZRNk\" width=\"600\" height=\"338\" title=\"\u00ab\u00a0Le travail \u2013 une nouvelle question politique\u00a0\u00bb &#8212; Jean-Louis Laville\" data-secret=\"NaFlTmZRNk\" frameborder=\"0\" marginwidth=\"0\" marginheight=\"0\" scrolling=\"no\" class=\"wp-embedded-content\"><\/iframe><script type=\"text\/javascript\">\n\/* <![CDATA[ *\/\n\/*! This file is auto-generated *\/\n!function(d,l){\"use strict\";l.querySelector&&d.addEventListener&&\"undefined\"!=typeof URL&&(d.wp=d.wp||{},d.wp.receiveEmbedMessage||(d.wp.receiveEmbedMessage=function(e){var t=e.data;if((t||t.secret||t.message||t.value)&&!\/[^a-zA-Z0-9]\/.test(t.secret)){for(var s,r,n,a=l.querySelectorAll('iframe[data-secret=\"'+t.secret+'\"]'),o=l.querySelectorAll('blockquote[data-secret=\"'+t.secret+'\"]'),c=new RegExp(\"^https?:$\",\"i\"),i=0;i<o.length;i++)o[i].style.display=\"none\";for(i=0;i<a.length;i++)s=a[i],e.source===s.contentWindow&&(s.removeAttribute(\"style\"),\"height\"===t.message?(1e3<(r=parseInt(t.value,10))?r=1e3:~~r<200&&(r=200),s.height=r):\"link\"===t.message&&(r=new URL(s.getAttribute(\"src\")),n=new URL(t.value),c.test(n.protocol))&&n.host===r.host&&l.activeElement===s&&(d.top.location.href=t.value))}},d.addEventListener(\"message\",d.wp.receiveEmbedMessage,!1),l.addEventListener(\"DOMContentLoaded\",function(){for(var e,t,s=l.querySelectorAll(\"iframe.wp-embedded-content\"),r=0;r<s.length;r++)(t=(e=s[r]).getAttribute(\"data-secret\"))||(t=Math.random().toString(36).substring(2,12),e.src+=\"#?secret=\"+t,e.setAttribute(\"data-secret\",t)),e.contentWindow.postMessage({message:\"ready\",secret:t},\"*\")},!1)))}(window,document);\n\/* ]]> *\/\n<\/script>\n","thumbnail_url":"https:\/\/www.jeanlouislaville.fr\/wp-content\/uploads\/2019\/09\/le-travail-une-nouvelle-question-politique-201x300.jpg","thumbnail_width":201,"thumbnail_height":300,"description":"Descl\u00e9e de Brouwer, 2008. Version remani\u00e9e et actualis\u00e9e de Une troisi\u00e8me voie pour le travail (Descl\u00e9e de Brouwer, 1999) \u00ab Gilda je t\u2019aime, \u00e0 bas le travail \u00bb, \u00ab Travailler moins pour travailler tous \u00bb, \u00ab Travailler plus pour gagner plus \u00bb : la succession des formules embl\u00e9matiques t\u00e9moigne du changement d\u2019\u00e9poque."}

Desclée de Brouwer, 2008. Version remaniée et actualisée de Une troisième voie pour le travail (Desclée de Brouwer, 1999) « Gilda je t’aime, à bas le travail », « Travailler moins pour travailler tous », « Travailler plus pour gagner plus » : la succession des formules emblématiques témoigne du changement d’époque.
